-1 - a. What is the units digit of b(m)?
5
Suppose i + 20 = 2*i. What is the tens digit of (i - 6) + (-1 - -2)?
1
Let h(v) = -v + 5. Let a be h(5). Suppose a = -5*i - r + 73, 4*i + 0*r - 62 = -2*r. What is the units digit of i?
4
Suppose 3*n + 3 = 0, 3*y - 4*y - 3*n = -129. What is the hundreds digit of y?
1
Let h(t) = t - 3. Let i be h(5). Let p be (-1)/(i/(-22)*1). Let f = 17 - p. What is the units digit of f?
6
Let b = 5 - 6. What is the tens digit of b - (2 - 1 - 12)?
1
Let y be (2/5)/((-2)/10). Let i(d) = -d**2 - d + 17. Let a be i(-9). What is the tens digit of a/(-5) + 2/y?
1
Let k be 0*(-2 - (-2 - 1)). Suppose k = -5*f - 17 + 47. Let o(v) = -v**2 + 8*v - 5. What is the units digit of o(f)?
7
Let b be -4*((-1)/4 + -1). Suppose 0*j = -2*j + b*h + 64, 0 = -3*j + h + 70. What is the units digit of j?
2
Let p(u) = 2*u**2 + u. Let m be p(1). Suppose -w + 21 = 5*a - 13, 0 = m*a + 3*w - 30. What is the units digit of a?
6
Let h(o) = o**3 + 10*o**2 - 15*o - 14. What is the tens digit of h(-11)?
3
Let a(c) = 2*c - 10. What is the tens digit of a(14)?
1
Suppose 2*d + 0*w = w - 4, d = 4*w + 12. Let s(p) = -6*p**3 - 1. Let i be s(1). Let t = d - i. What is the units digit of t?
3
Suppose 12*w - 1000 - 488 = 0. What is the tens digit of w?
2
Let t = -5 + 1. Let y be (-5)/(-1)*t/(-4). Suppose -b = -3*b - 5*c + 33, 0 = -y*b + 5*c + 30. What is the units digit of b?
9
Suppose 5*u = 2*d - 5*d - 1, u + 5 = 0. What is the units digit of d/4 - (2 - 7)?
7
Suppose 11*n = 15*n - 48. What is the tens digit of n?
1
Suppose 0 = -6*v - 265 + 1105. What is the hundreds digit of v?
1
Suppose 5*k + 4*a - 7 = 0, -k - 5*a - 4 - 3 = 0. Suppose 0 = -k*u - y + 4*y + 42, 2*u - y - 27 = 0. What is the units digit of u?
3
Suppose 3*y + 4*q - 3 = 0, -2*y = y + 5*q - 6. Suppose -3*x + x + 4 = m, -3*m - 2*x = -20. Let c = m + y. What is the units digit of c?
5
Suppose 3*u - 118 + 40 = 0. What is the units digit of u?
6
What is the tens digit of 255/10*30/9?
8
Let y = 12 + -12. Suppose -4*h - 15 = -j, y = -5*j - 3*h + 50 + 94. What is the tens digit of j?
2
Suppose 2*a + 5*p = 153 - 0, 3*a = 4*p + 195. What is the units digit of a?
9
Let x = -60 - -85. What is the units digit of x?
5
Let p = -68 - -105. What is the units digit of p?
7
Let l(g) = 21*g**2 + 3*g + 1. What is the units digit of l(-2)?
9
Let f(y) = 38*y**3 + y**2 - y. Suppose z + 0*z = -l - 2, 4*l + 12 = 0. What is the units digit of f(z)?
8
Suppose -4*n + 2*j - 10 = 0, -3*j + 15 = -2*n + 3*n. Let d(r) = -2*r - r**2 + r**3 - 2*r**3 + r + 10. What is the units digit of d(n)?
0
Let m(a) = a**2 - 4*a - 3. What is the units digit of m(-2)?
9
Suppose -4*p + d + 7 = 0, p = d - 2*d + 3. Suppose 0*u + 10 = 5*u. Let o = u + p. What is the units digit of o?
4
Let r(d) = 4*d - 3. Let z(q) = 2*q - 2. Let b(l) = -3*r(l) + 5*z(l). What is the units digit of b(-1)?
1
Suppose 8*f - 74 = 6*f. What is the units digit of f?
7
Let x(k) = k**3 + 7*k**2 - 3. Let h be x(-7). Let c = h - -7. Suppose 0 = -3*q + 3, -c*q - 14 = -b - q. What is the units digit of b?
7
Suppose w + 3*s + 3 = 5*w, -w - 3*s = -12. Suppose -q = -w*q + 6. What is the units digit of q/(-12) - 50/(-8)?
6
Suppose -2*j - 40 = -4*i, 2*j + i = -2*i - 33. Let y be (-255)/(-9) - 4/(-6). Let z = j + y. What is the tens digit of z?
1
Suppose -12*m = -948 - 708. What is the tens digit of m?
3
Let y = -33 + 88. Let i = y - 28. What is the tens digit of i?
2
Suppose 13 = p - 17. What is the tens digit of p?
3
Suppose -9*k + 8*k = -7. What is the units digit of k?
7
Suppose 5*n + 15 = -f, -6*f = 5*n - 2*f. What is the units digit of -2*(-1)/(-4)*n?
2
Let o(c) = -59*c + 6. What is the tens digit of o(-3)?
8
Suppose j + 3*i + 19 = -0*i, -j - 2*i = 15. Let f(q) = -q**3 - 8*q**2 - 10*q - 7. What is the tens digit of f(j)?
1
Let m be 20/(-8)*2*2. Let x be (-4)/m - (-90)/25. Suppose r + 3*r = x. What is the units digit of r?
1
Let h(p) = -p**3 + 3*p + 3. Let z be h(-2). Suppose -9 = -2*g - z. What is the units digit of g?
2
Suppose -4*p - 6 = -66. What is the units digit of (24/(-9))/((-10)/p)?
4
What is the tens digit of (-85)/(-3) + 1/(-3)?
2
Let g(z) = z**3 - 9*z**2 + z - 10. Let p be g(9). What is the units digit of (-105)/(-10) + p/(-2)?
1
Let d(x) = x**3 - 4*x**2 + 4*x - 1. Let g be d(3). Suppose -2*n - 3*r - 15 = 0, 8 = 5*n - 3*r - 7. Suppose n*y = -g*y + 26. What is the units digit of y?
3
Let i(y) = -y**2 + 5*y. Let m be i(5). Suppose m = -2*q - 2*b, -5*q + 3 + 21 = -b. What is the units digit of q?
4
Let m be -1 + (-3)/((-6)/22). Suppose -3*u = -5*u - 6. Let z = m + u. What is the units digit of z?
7
Suppose 2*k - 2*l = -10, k - 3*l + 21 = 6. Suppose k = z + 4*z - 130. What is the tens digit of z?
2
Let g be 2 - (-4)/(-10)*5. Suppose 3*x + 126 = 5*r, g = -4*r + 5*x + 134 - 28. What is the units digit of r?
4
Let g = 31 - -5. What is the tens digit of g?
3
Suppose 25 = 2*u + 3*u. Let j(s) = s**3 - 6*s**2 + 5*s + 7. What is the units digit of j(u)?
7
Suppose 0 = -j - 20 + 24. Suppose 0 = g + 4*h - 24, -3*g + 0*h + 112 = j*h. What is the units digit of g?
4
Let z be (-1)/5 + 571/5. Suppose 5*i = -2*r + 227, 3*i = i + 5*r + z. What is the units digit of i?
7
Let d be (16/20)/(6/15). What is the units digit of 5*d + (3 - 2)?
1
Suppose 549 = 16*n - 299. What is the units digit of n?
3
Let m(a) = -a**3 + 7*a**2 + 14*a - 11. What is the tens digit of m(8)?
3
Let k(r) = -9 + 0 + r**2 + r - 2 - 1. Let g be k(0). Let i = 27 + g. What is the units digit of i?
5
Let g = -8 - -11. Let q(m) = m + 10. Let x be q(-9). Suppose 4*a = -4, g*k - 5*a = -x + 21. What is the units digit of k?
5
Let q(z) = 16*z - 2. Let p be q(-1). Let x = p + 35. What is the units digit of x?
7
Let r be (-5)/5 - (-5)/1. Let p = r - -17. What is the tens digit of p?
2
Let i = -8 - -4. Suppose -2 = -p, -3*a + 0*p + 20 = p. Let h = a + i. What is the units digit of h?
2
Let o = 53 - 22. Let a = o - 18. Suppose -n + 0 + 3 = -p, -a = p - 3*n. What is the units digit of p?
2
Let k(m) = -m**3 - 3*m**2 - 2*m + 5. What is the tens digit of k(-4)?
2
Let c(n) = n**2 - 5*n + 2. Let o(g) = g**2 - 6*g + 3. Let i(w) = 3*c(w) - 2*o(w). Let f be i(2). Let b(a) = 3*a**2 + a + 2. What is the units digit of b(f)?
2
Let c(s) = -8 + 0*s**2 + 5*s - s**2 + 3*s. Let k be c(6). Suppose -5*m + 1 = -k*m. What is the units digit of m?
1
Let t(d) = 5*d**2 - 5*d - 4. What is the units digit of t(-5)?
6
Let i(n) be the first derivative of -n**4/4 + 8*n**3/3 + 11*n + 5. What is the units digit of i(8)?
1
What is the units digit of 2 - (-4 + 6 + -4)?
4
What is the tens digit of (36/42)/6 - (-2966)/14?
1
Let j(i) be the third derivative of 0 + 7/24*i**4 - 1/60*i**5 + 0*i - 2*i**2 - i**3. What is the units digit of j(5)?
4
Let p(i) = -i**2 - 6*i. Let j be p(-5). Suppose 2*k - 17 = -0*k + 5*h, -j*k + 52 = -3*h. What is the units digit of k?
1
Let o(z) = z**3 - 3*z**2 - 5*z + 5. Let s be (2 - 1)*72/2. Suppose -12 = -3*k, 5*y - s = 4*k - 8*k. What is the units digit of o(y)?
1
Suppose 2*a = a + 17. Suppose -2*h + 0*q - q + a = 0, 4*q + 12 = 0. What is the tens digit of h?
1
Suppose -4 - 2 = -i. Suppose -5*h = -4*n - 100, i*h - 2*h - n = 69. What is the units digit of h?
6
Let j = -16 - -24. Suppose j = 3*a - 4. What is the units digit of a?
4
Let n = 156 + -92. What is the units digit of n?
4
Let f be 2/(-3) - 3/9. Let t(p) = 19*p**2 + 1. What is the tens digit of t(f)?
2
Suppose 52 = -6*a + 8*a. What is the tens digit of a?
2
Let g = 26 + -46. Let s be (g/8)/((-2)/4). Suppose -i = -3 - s. What is the units digit of i?
8
Let u(o) = -o + 5. Suppose 3 = 2*r - 5. What is the units digit of u(r)?
1
Let g = 40 - 27. Let i be (4/6)/((-1)/12). Let x = i + g. What is the units digit of x?
5
What is the units digit of 33*2/3*(-21)/(-6)?
7
Let j be -3*(4/6 - 1). Let l(h) = -31*h**2 + 1. Let z be l(j). What is the units digit of -2 + z/(-5 + 2)?
8
Let v(h) = -4 - 2 - 5 + 4*h. What is the tens digit of v(10)?
2
Let c be (-10)/3*(-9)/6. Suppose -7 = c*l + 43. What is the units digit of 0 + (-1 - -1) - l?
0
Suppose -4*v - 5*g + 3 = 0, 2*v - g = g + 6. Suppose -v*w + 7 + 3 = 0. What is the units digit of w?
5
Let o be -5 + 3 + 4/2. Suppose o = -r + 7 + 8. What is the tens digit of r?
1
Suppose 2 = j + o, -5*j - o + 14 + 4 = 0. What is the tens digit of ((-44)/16)/